s of v.
163
Let u(h) = -2*h**2 + h**2 - 160 + 155 - h + h**3. Let n be u(2). What are the prime factors of (-2 - -1)/(n/438)?
2, 73
Suppose -66 = 14*x - 346. Suppose 17*v = x*v - 1290. List the prime factors of v.
2, 5, 43
What are the prime factors of (-126282)/(-14) - 87/609?
2, 5, 11, 41
Suppose 3*z = -4*q - 28, 2*q = -3*z - 8 - 12. List the prime factors of 450/z*48/(-36).
2, 3, 5
Let y(n) = 578*n - 5054. List the prime factors of y(120).
2, 11, 37, 79
Suppose -121 = -12*s + s. Suppose s*r = 5*r + 96. What are the prime factors of 17*7 + 0/r?
7, 17
Let o = 1499 - 336. List the prime factors of o.
1163
Let z(h) = -814*h - 877. What are the prime factors of z(-15)?
7, 1619
Let l(b) = b**2 + 11. Let s be l(3). Suppose 0 = 7*t - 2*t - s. Suppose t*d + 5*g = 395, -5*g + 0*g = 3*d - 290. What are the prime factors of d?
3, 5, 7
Suppose 10 = 6*g - 8. Suppose -g*o = 13*o - 2832. What are the prime factors of o?
3, 59
Suppose w + 4*f = -2*w + 25, 5*f + 85 = 4*w. Let t = 771 + -1351. List the prime factors of t/(-6) + ((-25)/w - -1).
2, 3
Suppose 5*x - 8 - 2 = 0. Let z be (x/4*-3)/(90/2760). Let n = z - -74. What are the prime factors of n?
2, 7
Suppose 8*x - 3*x = 2*n - 4, n + 3 = 5*x. List the prime factors of -6*(-928)/24 - n.
3, 5
Let z(t) = -9*t**2 + 2*t - 8. Suppose 17 = -4*i - 15. Let b be z(i). List the prime factors of b/(-10)*(-1)/(-1).
2, 3, 5
Suppose 0 = 15*n - 14*n + 2, -n = -4*j + 18. Suppose 0 = -4*k, c - j*k + 0*k = 752. What are the prime factors of c?
2, 47
Let r(b) be the third derivative of b**6/24 + b**5/30 + 3*b**4/8 - 2*b**3/3 - 2*b**2 + 80. What are the prime factors of r(4)?
2, 3
Let q = -4670 - -6155. What are the prime factors of q?
3, 5, 11
Suppose 2*p - 2322 = i + 34691, 0 = -p + 2*i + 18511. What are the prime factors of p?
5, 3701
Suppose 43 = 20*w + 3. Suppose 0 = 7*k - 2*k + w*x - 4383, 5 = -5*x. What are the prime factors of k?
877
Let k(o) = -419*o + 11685. What are the prime factors of k(0)?
3, 5, 19, 41
Suppose 7*x - 978 = 4*d + 9*x, -1230 = 5*d + 5*x. Let z = d - -453. List the prime factors of z.
2, 3, 5, 7
Let d be (-2 - (-3)/2) + 855/2. Suppose -d - 243 = -2*s. List the prime factors of s.
5, 67
Suppose 0 = h - 6 + 4, -76 = -q - 5*h. Suppose -q*l + 55*l = -3982. List the prime factors of l.
2, 181
Suppose 5*f - 2252 = 5*j + 73, 0 = 4*j + 5*f + 1905. Let h = 1171 + j. List the prime factors of h.
701
Let q(s) = s**3 - 57*s**2 + 35*s + 147. Let b be q(51). What are the prime factors of 2/(-4) + b/(-12)?
17, 67
List the prime factors of (-122060)/136*(-7 - -1).
3, 5, 359
Let t(n) = 1863*n**2 + 18*n - 26. What are the prime factors of t(3)?
5, 3359
Let l(g) = g**2 - g - 11. Let d be l(-3). Suppose -6*u + d = -29. Suppose -x - 3*t = -116, t = -u*x + 2*t + 500. List the prime factors of x.
101
Suppose -18*h + 17*h + 147 = 0. Let k = 496 - h. What are the prime factors of k?
349
Let d be 11556/33 + 20/(-110). Let t = 821 - d. What are the prime factors of t?
3, 157
Suppose 5728 = 11*k - 3*k. Let u = k - 27. What are the prime factors of u?
13, 53
Let g(f) = -14*f**2 - 13*f + 13. Let h be g(5). Let b = -645 - h. Let s = -90 - b. List the prime factors of s.
3, 17
Let f be (-3)/((-4)/(-24)*-9). Let h = f + 112. What are the prime factors of h?
2, 3, 19
Let i(t) = 8*t - 4. Let y be i(6). Suppose y*p = 38*p + 1002. What are the prime factors of p?
167
Let i = 8 - 10. Let h be i - (-30)/(6/3). Suppose -h*z + 590 = -8*z. What are the prime factors of z?
2, 59
Let d(x) be the third derivative of 5*x**4/4 - 5*x**3 + 2*x**2. Suppose 245 = p + 240. List the prime factors of d(p).
2, 3, 5
Let m(s) = 116 - 12*s - 55 + 65*s**2 - 56. List the prime factors of m(2).
241
Let a(v) = -5*v**3 + 3*v + 3*v**2 - 14*v**3 + 7*v**3 - 4. Suppose -2*f - 4 = c, 5*c - 13 = -13. What are the prime factors of a(f)?
2, 7
Suppose -23*l + 32*l = 16758. Let d = -831 + l. List the prime factors of d.
1031
Suppose 5*d - 8 = -2*l, 3*l + 3*d = 4*d + 12. Suppose 2*k - 454 = -k + l*j, -2*k - 5*j = -295. List the prime factors of k.
2, 3, 5
Let f be (10 - 6)/(4 - (-40)/(-15)). List the prime factors of 35289/39 + (82/26 - f).
5, 181
Suppose -11*k + 50 = 14*k. What are the prime factors of (-21)/(126/(-16))*129/k?
2, 43
Let d(f) = 2*f**3 - 22*f**2 - 4*f + 30. Let w be d(11). What are the prime factors of w/(5 + (-3342)/666)?
3, 7, 37
Suppose -27355 = -4*t - 3*c, -3*t + 0*c + c + 20500 = 0. List the prime factors of t.
5, 1367
Suppose 142*z - 162*z = -388380. What are the prime factors of z?
3, 6473
Suppose 0*v = 10*v - 0*v. Suppose v = -4*y - 8*y - 60. Let u(s) = 6*s**2 + 2*s + 2. List the prime factors of u(y).
2, 71
Suppose 5*f = -5*n + 183775, -7*f - 28177 + 138478 = 3*n. List the prime factors of n.
2, 19, 967
What are the prime factors of (13/((-195)/450504))/(4/(-10)) + -5?
75079
Let o(r) = -425*r + 96. Let z be o(-6). Suppose 0 = 9*c - z - 738. What are the prime factors of c?
2, 47
Suppose -1614 = 53*a - 27955. Let w = a - -1036. List the prime factors of w.
3, 7, 73
Let w(z) = z**3 + z**2 - z. Let p(l) = -l**3 - 6*l**2 + 9*l - 3. Suppose -18 = -o - 13. Let g(d) = o*w(d) + p(d). What are the prime factors of g(3)?
2, 3
Suppose -9*z = 8*z - 153. Suppose -z*j + 298 = -8*j. What are the prime factors of j?
2, 149
Suppose 5*k = 27*k - 110. Suppose -5*h - 1205 = -k*y, -h + 0*h + 485 = 2*y. What are the prime factors of y?
2, 11
Suppose -2 = p, 0 = 3*f - 0*f - 2*p + 8. Let c be -1 - (6 + f)/(-2). Suppose 3 - 5 = 2*w, c = 3*u + 3*w - 192. What are the prime factors of u?
5, 13
Suppose 5*w = 2*w - 6, l = 4*w + 13. Suppose f - g = -0*g + 262, 0 = l*g - 10. Suppose -28*c - f = -30*c. List the prime factors of c.
2, 3, 11
Let p = -588 + 1010. List the prime factors of (7 - 2) + p + -4.
3, 47
Let x(b) = 14*b**2 - 27*b - 1353. What are the prime factors of x(-35)?
2, 11, 761
Let n = -3 - -6. Suppose -42*z - 6 = -174. Suppose -574 + 25 = -n*r - b, 549 = 3*r + z*b. What are the prime factors of r?
3, 61
What are the prime factors of 8174926/187 + (-40)/220?
2, 3, 3643
Let c be (-136)/340 + -1*938/5. Let n = c + 699. List the prime factors of n.
7, 73
Let i(v) = v**2 - 4 - 8*v + 2 - 18 + 2. Let t be i(10). Suppose -3*q = -t*f + 136, -5*q - 53 = -f + 29. List the prime factors of f.
2, 31
Let n(i) = 191*i**2 + 16*i + 39 + 18 + 2*i**3 - 226*i**2. What are the prime factors of n(18)?
3, 223
Let f(h) = 2*h**3 - 15*h**2 + 24*h + 8. Let z = 352 - 344. List the prime factors of f(z).
2, 3, 11
Suppose 0 = -0*x + 4*x. Suppose 2*f + x = 6. Suppose -2 = y - 5, 0 = -m - f*y + 110. List the prime factors of m.
101
Let o be 12*45/(-24)*10. Let x = 2452 - 2099. Let m = o + x. List the prime factors of m.
2
Let v = -35 - -43. Suppose 14*f - v*f = 348. What are the prime factors of f*(-1 + (-15)/(-6))?
3, 29
Let m(w) = -6*w - 4*w**2 + 8 + 10 - 71*w**3 + 70*w**3. What are the prime factors of m(-8)?
2, 7, 23
Suppose -i + 4*n - 16 = -64, -2*i + 2*n = -108. Let w = 61 - i. Suppose 9*t = w*t + 96. List the prime factors of t.
2, 3
Let c be 142 + (0/1)/5. Suppose 2*o - c = -z + 112, 4*z + 4*o = 1000. What are the prime factors of z?
2, 3, 41
Suppose 0 = 3*i + x + 22, -2*i = -6*i + 3*x - 38. Suppose 57*l - 14 = -2*v + 53*l, 4*v - 10 = -5*l. List the prime factors of (v - -13 - 2)/((-2)/i).
2, 3
Suppose -215956 = 461*u - 473*u + 53156. What are the prime factors of u?
2, 11213
Let r = -112 + 123. Let z(g) = g**3 - 10*g**2 - 2*g - 36. List the prime factors of z(r).
3, 7
Suppose 22203 = 18*r - 103167. List the prime factors of r.
5, 7, 199
Let i = -3411 - -11897. List the prime factors of i.
2, 4243
What are the prime factors of 6080 - 1 - (22 + 6)/4?
2, 3, 11, 23
Let s(f) = f**3 + 12*f**2 - 41*f + 22. Let l be s(-15). Suppose 83 = -3*c + 365. Let r = c + l. What are the prime factors of r?
2, 7
Suppose 146*u - 39350 - 19050 = 0. List the prime factors of u.
2, 5
Suppose -4*f = -4*w + 23744, w - 6735 = 4*f - 796. List the prime factors of w.
5, 1187
Suppose 2*m - 20289 = -5*t - 3925, 3*m + 2*t - 24568 = 0. List the prime factors of m.
2
Let t = -1225 - -3224. List the prime factors of t.
1999
Suppose -5*h + 13 = -d, 3*d - 11*h + 8*h = -3. Let p(u) = 2*u**3 - 93 - 6*u**d + 92 + 2*u**2 - 7*u. What are the prime factors of p(5)?
2, 3, 19
Let d = 9859 - 802. What are the prime factors of d